{"id":22,"date":"2017-02-13T18:01:13","date_gmt":"2017-02-13T18:01:13","guid":{"rendered":"http:\/\/lus.se\/?page_id=22"},"modified":"2017-02-13T18:01:13","modified_gmt":"2017-02-13T18:01:13","slug":"kroppsloss","status":"publish","type":"page","link":"https:\/\/www.djurwebb.se\/loss\/kroppsloss","title":{"rendered":"Kroppsl\u00f6ss"},"content":{"rendered":"<h3>\u00a0Fakta om kroppsl\u00f6ss<\/h3>\n<p>L\u00f6ss (Phthiraptera) \u00e4r en ordning i klassen insekter.<br \/>\nDet finns \u00f6ver 3 000 olika arter av l\u00f6ss. L\u00f6ss fungerar som ektoparasiter, d.v.s. de lever utanp\u00e5 en v\u00e4rdorganismen. L\u00f6ssen klamrar sig fast p\u00e5 h\u00e5rstr\u00e5n eller fj\u00e4drar p\u00e5 olika d\u00e4ggdjur med sina kloliknande utskott p\u00e5 bemen.<\/p>\n<p>Vanliga arter som orsaker problem f\u00f6r m\u00e4nniskor \u00e4r <b>huvudl\u00f6ss<\/b>, <b>flatl\u00f6ss<\/b> och <b>kroppsl\u00f6ss<\/b>, \u00e4ven kallade <b>kl\u00e4dl\u00f6ss<\/b>.<\/p>\n<p><img loading=\"lazy\" decoding=\"async\" class=\"alignnone size-full wp-image-119\" src=\"http:\/\/media.lus.se\/2020\/07\/kladlus.jpg\" alt=\"\" width=\"176\" height=\"240\" \/><\/p>\n<h3>Kroppsl\u00f6ss<\/h3>\n<p>Kroppslusen (Pediculus humanus humanus), \u00e4ven kallad kl\u00e4dlus \u00e4r en underart av m\u00e4nniskolusen.<br \/>\nDen vuxna honan \u00e4r tre till fyra millimeter l\u00e5ng medan hanen \u00e4r n\u00e5got mindre.<\/p>\n<h4>Kroppsl\u00f6ss symptom<\/h4>\n<p>Symptomen p\u00e5 kroppsl\u00f6ss \u00e4r kliande bett p\u00e5 huden. Om man har kropsl\u00f6ss under l\u00e4ngre tid blir huden gr\u00e5 och f\u00f6rtjockad.<\/p>\n<h4>Kroppsl\u00f6ss spridning<\/h4>\n<p>Kroppslusen sprids fr\u00e4mst via smutsiga kl\u00e4der. Den var vanligt f\u00f6rekommande f\u00f6rr, men \u00e4r nu s\u00e5 gott som helt utrotad i Sverige.<\/p>\n<h4>Kroppsl\u00f6ss orsaker<\/h4>\n<p>Kroppsl\u00f6ss drabbar fr\u00e4mst personer med bristf\u00e4llig hygien och som g\u00e5r i samma kl\u00e4der under l\u00e5ng tid. L\u00f6ssen lever i kl\u00e4derna och kittar fast sina \u00e4gg i s\u00f6mmarna. N\u00e4r de ska suga blod kryper de ut p\u00e5 huden.<\/p>\n<h4>Kroppsl\u00f6ss och andra sjukdomar<\/h4>\n<p>Kroppslusen avs\u00f6ndrar via sin avf\u00f6ring den intracellul\u00e4rt v\u00e4xande bacillen rickettsia som orsakar fl\u00e4cktyfus.<br \/>\nN\u00e4r den drabbade sedan kliar p\u00e5 bettet sprids smittan i blodet. Andra <a href=\"http:\/\/www.sjukdomarna.se\" target=\"_blank\" rel=\"noopener noreferrer\">sjukdomar<\/a> som kroppslusen sprider \u00e4r s.k. skyttegravsfeber och lusburen \u00e5terfallsfeber.<\/p>\n<h4>Kroppsl\u00f6ss utbredning<\/h4>\n<p>Kroppsl\u00f6ss finns \u00f6ver hela v\u00e4rlden men \u00e4r numera ovanlig i Europa.<\/p>\n","protected":false},"excerpt":{"rendered":"<p>\u00a0Fakta om kroppsl\u00f6ss L\u00f6ss (Phthiraptera) \u00e4r en ordning i klassen insekter. Det finns \u00f6ver 3 000 olika arter av l\u00f6ss. L\u00f6ss fungerar som ektoparasiter, d.v.s. de lever utanp\u00e5 en v\u00e4rdorganismen. L\u00f6ssen klamrar sig fast p\u00e5 h\u00e5rstr\u00e5n eller fj\u00e4drar p\u00e5 olika d\u00e4ggdjur med sina kloliknande utskott p\u00e5 bemen. Vanliga arter som orsaker problem f\u00f6r m\u00e4nniskor \u00e4r [&hellip;]<\/p>\n","protected":false},"author":3,"featured_media":0,"parent":0,"menu_order":0,"comment_status":"closed","ping_status":"closed","template":"","meta":{"footnotes":""},"class_list":["post-22","page","type-page","status-publish","hentry"],"_links":{"self":[{"href":"https:\/\/www.djurwebb.se\/loss\/wp-json\/wp\/v2\/pages\/22","targetHints":{"allow":["GET"]}}],"collection":[{"href":"https:\/\/www.djurwebb.se\/loss\/wp-json\/wp\/v2\/pages"}],"about":[{"href":"https:\/\/www.djurwebb.se\/loss\/wp-json\/wp\/v2\/types\/page"}],"author":[{"embeddable":true,"href":"https:\/\/www.djurwebb.se\/loss\/wp-json\/wp\/v2\/users\/3"}],"replies":[{"embeddable":true,"href":"https:\/\/www.djurwebb.se\/loss\/wp-json\/wp\/v2\/comments?post=22"}],"version-history":[{"count":0,"href":"https:\/\/www.djurwebb.se\/loss\/wp-json\/wp\/v2\/pages\/22\/revisions"}],"wp:attachment":[{"href":"https:\/\/www.djurwebb.se\/loss\/wp-json\/wp\/v2\/media?parent=22"}],"curies":[{"name":"wp","href":"https:\/\/api.w.org\/{rel}","templated":true}]}}